h, 3*p + 3*h - 48 = -0*p. What is the tens digit of m(p)?
6
Let v be (-1 - -4)*1 - (1 - -2). Suppose v = 3*m - 4 - 11. Suppose 3*t + 54 = 5*t + 4*o, 2*t - m*o - 18 = 0. What is the units digit of t?
9
Let f(i) = 123 - 9*i - 114 - 7*i**2 - 2*i**3 + 4*i**3 - i**2. Let x be (-2 + 2)/(-1) + 5. What is the tens digit of f(x)?
1
Suppose 2*s + 15 - 9 = 0. Let l be ((-60)/(-14))/(s/(-21)). Suppose a - l = 54. What is the units digit of a?
4
Suppose -14*y - 40 = -12. What is the hundreds digit of (-24629)/(-66) - y/(-12)?
3
Let u(z) = z**3 - 23*z**2 - z + 25. Let g be u(23). Suppose 13 + 4 = -s + 4*r, r = g*s + 6. What is the hundreds digit of 18/(-30) - s - 2166/(-10)?
2
Suppose 109*l - 2270720 - 1226981 = 0. What is the thousands digit of l?
2
Suppose b + 4*u = 33748, 15625 = 3*b - 4*u - 85699. What is the ten thousands digit of b?
3
Suppose -110*p = 2*b - 112*p - 13622, 3*p + 6817 = b. What is the tens digit of b?
0
Let b be 7 - ((1 - -3) + 0). Suppose 0 = b*c - 7*c + 20. Suppose c*l - 2*i - 13 = 83, 16 = l - 2*i. What is the tens digit of l?
2
Let h(m) = 0 + 28*m**2 - 8*m + 13*m + 3*m + 7. What is the hundreds digit of h(-3)?
2
Suppose -9*f - 70 = -3*w - 5*f, 0 = 5*w + 3*f - 107. Let j(s) = s**3 - 21*s**2 + 55*s + 36. What is the units digit of j(w)?
0
Let j = -7871 - -25708. What is the ten thousands digit of j?
1
Suppose 6 = -5*n - 3*s + s, 3*n + 12 = 3*s. Let w be (-2)/((-4)/(10 + n)) + -2. Suppose 2*u - 302 = -3*p + 56, 0 = -u - w*p + 178. What is the units digit of u?
2
What is the tens digit of 22359 - (170/30 + -5) - 8/6?
5
Let m(l) = -57*l - 18. Let a(b) = -2*b - 98. Let c be a(-47). What is the units digit of m(c)?
0
Let p = 30 - 49. Let b = -31 - p. What is the tens digit of -1 - (b/4 + -31*1)?
3
Let n(z) = -z**3 + 3*z**2 + 4. Let t be n(3). Let f = -425 - -436. What is the tens digit of (-14)/(f/t - 3) + 1?
5
Let g(u) = u**3 - 3*u**2 + 8*u - 2. Let i(w) be the third derivative of 11*w**4/24 + 2*w**3/3 - 19*w**2. Let y be i(0). What is the units digit of g(y)?
6
Suppose -8*o = 6 + 58. Let x be (-2)/o + 1688/32. Let j = 83 - x. What is the tens digit of j?
3
Let q(n) = 5*n - 41. Let o be (0 - (-9)/(-6))/(5/(-30)). Let p be q(o). Suppose 3*u + 2 = -10, 852 = p*j + u. What is the hundreds digit of j?
2
Let m = -467 - -235. Let i = m - -600. What is the hundreds digit of i?
3
Let c be (-2)/(10/7) - (-90)/225. What is the tens digit of c/1*(-803 - 34)?
3
Let y be (-32 - 0)*71/(-142). Suppose y*z - 32*z + 21408 = 0. What is the units digit of z?
8
Let u(h) = 1119*h**2 - 1577*h + 1. What is the hundreds digit of u(4)?
5
Let u(z) = -3*z**2 - 183*z + 8492. What is the hundreds digit of u(0)?
4
Let v(c) = -7*c**3 + 5*c**2 + 6*c + 11. Let r(h) = -5*h**2 + 35*h - 4. Let o be r(7). What is the units digit of v(o)?
5
Suppose -15 = -6*i - 3. Suppose 0 = -l + i*s + 166, s - 797 = -5*l - 0*s. Suppose 4*f - l = -4*z, -1 + 0 = -f. What is the units digit of z?
9
Suppose -5*c = -3*g - 74881, -2*c - 4*g = 4033 - 34001. What is the ten thousands digit of c?
1
Let i = 58 - 67. Let j(q) = -q**2 - 12*q - 25. Let m be j(i). Suppose -2*v = 2*p - 260, -3*p - 101 = m*v - 364. What is the tens digit of v?
2
Let f = 16 + -3. Suppose 3*b + 120 = f*b. Suppose b*s - 465 = 9*s. What is the units digit of s?
5
Let q be (2 - (-3)/(-2))*2*61. Suppose -64*x + q*x = -2928. What is the hundreds digit of x?
9
Suppose 0 = -13*d + 14*d - 1. What is the hundreds digit of 277 + (2 - 0)*d?
2
Let t(h) be the second derivative of -h**5/20 + 3*h**4/2 - 19*h**3/6 - 13*h**2 - 3*h + 15. What is the hundreds digit of t(9)?
5
Let t(w) be the second derivative of 4*w**4/3 - w**3/2 + 3*w**2 + 27*w. What is the units digit of t(-4)?
4
Let p(j) = 11*j - 20. Let y be p(7). Let t = y + -51. Suppose t*m - 20 = 532. What is the tens digit of m?
9
Suppose 62*g + 15*g + 377*g = 30977328. What is the hundreds digit of g?
2
Let w(z) = -113*z + 3147. What is the hundreds digit of w(-23)?
7
Let o = -14805 + 16525. What is the units digit of o?
0
Let k be ((-8)/((-160)/30))/(2/2568). Suppose -5*b = 491 - k. What is the units digit of b?
7
Suppose 4*l = 7*l + 5*i - 26, 0 = 5*l - 2*i - 2. Suppose -3*f = -l*a - 3610, -24*a + 20*a = 2*f - 2428. What is the units digit of f?
6
Suppose -2230384 + 614749 = -223*h. What is the units digit of h?
5
Suppose 227*h + 7*h - 3877848 = 0. What is the units digit of h?
2
Let s = 256 + 220. Suppose d + 4*r + 25 = 273, 2*d = 2*r + s. What is the tens digit of d?
4
Let p(w) be the first derivative of -w**4/4 - 8*w**3/3 + 3*w - 1517. Let y(f) = -3*f + 7. Let q be y(5). What is the units digit of p(q)?
3
Let j be (-48)/27 + 4/(-18). Let c be (j - -8)/((-6)/(-8)). Suppose -2*t + 120 = c. What is the units digit of t?
6
Suppose 0 = 15*t - 20*t. Let s(k) = k**2 - 22*k + 12. Let g be s(23). Suppose t = m + 22 - g. What is the units digit of m?
3
Let i(s) = 7*s - 133. Let q be i(19). Suppose -41*j + 4*j + 111 = q. What is the units digit of j?
3
Let t = -39 - -47. Let o be t/(-4) - (-36)/6. Suppose 0 = -o*i, -2*i + 0*i + 8 = 4*s. What is the units digit of s?
2
Suppose -y - 2*c + 0*c = 272, 5*y = -3*c - 1339. Let v = y + 489. What is the hundreds digit of v?
2
Let p(d) = -5*d - 70. Let v be p(-13). Let t(r) = -21*r - 24. What is the tens digit of t(v)?
8
Let k(g) = g - 1. Let p(w) = 63*w - 12. Let i(f) = 4*k(f) - p(f). Let c be i(-2). Suppose -2*b = -5*z - 24, 0 = -4*b - b - 4*z + c. What is the tens digit of b?
2
Suppose 16*w = -148 + 356. Let f(x) = 3*x**2 - 22*x - 34. What is the tens digit of f(w)?
8
Suppose 27*g = -246*g + 10520874. What is the thousands digit of g?
8
Suppose -15887 = 4*g - 0*g - 62147. What is the thousands digit of g?
1
Suppose 4*f = -4*a + 488, -5*a = -2*f + 253 + 19. Let x = 164 - f. What is the units digit of x?
8
Suppose 136032 + 335570 - 15527 = 75*s. What is the units digit of s?
1
Let m = 378 - 555. Let f be -17*15 - (26 + -5)/(-3). Let n = m - f. What is the units digit of n?
1
Let j = -106 - -23. Suppose 0*c = 3*c - 84. Let u = c - j. What is the hundreds digit of u?
1
Suppose 0 = -k - 12 + 24. Suppose 3*r = -k, 0*p - 4*p + 644 = -r. What is the tens digit of p?
6
Suppose 2*d + v = 4, -2*d = 4*v - 4 - 12. Suppose -2*j - 4*q + 1460 = 0, d = 3*j - 5*q + q - 2230. What is the hundreds digit of j?
7
Let a be (-135)/27 - 8/1. Let k be (9/4)/(((-39)/8)/a). Suppose -5*f + k*u + 1049 = 3*u, 627 = 3*f - 3*u. What is the tens digit of f?
1
Suppose -2*g + 3*g - 3 = 0. Suppose -g*n + 5*z = -233 - 227, 3*n - 469 = -4*z. Let a = n - -106. What is the hundreds digit of a?
2
Let f = 28741 + -2118. What is the hundreds digit of f?
6
Let t be 4 + 3/(-3)*-1. Let n be (-81)/(-4) - (-17)/(-68). Suppose 4*m = -n, -m + 891 = t*i - i. What is the hundreds digit of i?
2
What is the tens digit of 57088/10 - (-825)/375?
1
Suppose -57*v + 395676 = -21*v. What is the tens digit of v?
9
Suppose -3*p + 33 + 30 = 0. Let i(w) = 3*w**2 - 27*w - 42. Let c be i(14). Suppose p*k - 14*k - c = 0. What is the tens digit of k?
2
Suppose 0*g + 12 = 3*g. Suppose 5*d - 2*c - 3*c - 15 = 0, 0 = 2*d + g*c - 12. Suppose d*q = -0*q + 52. What is the tens digit of q?
1
Suppose 6*x - 11*x - 29265 = 0. What is the tens digit of (-48)/64 + x/(-12)?
8
Suppose 0 = -4*r + m + 15, -2*r + 6*m - 4*m = 0. Suppose -2*n = -4*t - 5*n + 1415, -t - r*n + 358 = 0. What is the tens digit of t?
5
Suppose 125*v + 138*v - 106*v - 12399546 = 0. What is the units digit of v?
8
Suppose -3*a = 3*l - 2670, -5*a + 3*a = 5*l - 1780. What is the hundreds digit of a?
8
Let w(j) be the first derivative of -j**4/2 + 59*j**3/3 - 7*j**2/2 - 30*j + 84. What is the tens digit of w(29)?
0
Suppose -9 = -3*a, 3*p + 2*a + 3*a = -4614. Let o = p + 2441. What is the tens digit of o?
9
Let m be 310*(5 - (-48)/(-10))*-28. What is the hundreds digit of 9/((-18)/m) - (-2 - -7)?
8
Suppose 78*h - 280278 = -60*h. What is the units digit of h?
1
Let q(t) = t + 3. Let z be q(5). Suppose 0 = 2*o + z, -f - 12 = -0*f + 4*o. What is the tens digit of (f - (-44)/(-8))/3*-24?
1
Suppose -2*n = 200 - 1594. Suppose -1390 = -4*m + 11*h - 13*h, 3*h = -2*m + n. What is the tens digit of m?
4
Suppose 0 = 4*c + b - 33294, 0 = 2*c - 7*b - 2*b - 16666. What is the tens digit of c?
2
Suppose -39*w = -40*w + 1352. Suppose -4*t - 274 + w = l, 5367 = 5*l - 3*t. Wh